vert -10 (base 14) to base 13.
-11
4 (base 11) to base 9
4
Convert 5 (base 7) to base 2.
101
What is 55 (base 8) in base 11?
41
What is -223 (base 11) in base 16?
-10b
Convert -b1 (base 13) to base 5.
-1034
Convert -15 (base 11) to base 15.
-11
47 (base 12) to base 2
110111
Convert 208 (base 11) to base 10.
250
Convert -31 (base 7) to base 13.
-19
Convert -1100 (base 2) to base 3.
-110
What is 1 (base 16) in base 14?
1
Convert 101 (base 8) to base 6.
145
What is -92 (base 14) in base 15?
-88
3 (base 16) to base 14
3
56 (base 12) to base 3
2110
What is -117 (base 12) in base 11?
-139
72 (base 9) to base 6
145
Convert 35 (base 6) to base 8.
27
What is 10 (base 6) in base 10?
6
Convert 1132 (base 4) to base 15.
64
What is 34 (base 10) in base 12?
2a
Convert 1b4 (base 14) to base 2.
101100010
Convert -40 (base 14) to base 3.
-2002
Convert 1c (base 15) to base 3.
1000
1 (base 10) to base 14
1
Convert 0 (base 16) to base 14.
0
Convert 20 (base 7) to base 13.
11
4 (base 7) to base 15
4
-1a7 (base 13) to base 3
-102100
-20 (base 8) to base 15
-11
What is -6 (base 9) in base 15?
-6
What is 101110 (base 2) in base 9?
51
23 (base 4) to base 6
15
-1110000 (base 2) to base 10
-112
Convert -2 (base 7) to base 16.
-2
Convert -16 (base 13) to base 16.
-13
Convert -11 (base 8) to base 3.
-100
What is 13 (base 10) in base 3?
111
11 (base 2) to base 6
3
What is -6 (base 13) in base 5?
-11
Convert 64 (base 9) to base 12.
4a
What is -41 (base 10) in base 11?
-38
What is 204 (base 11) in base 7?
501
5 (base 9) to base 5
10
5 (base 13) to base 6
5
23 (base 15) to base 7
45
Convert -20 (base 3) to base 10.
-6
Convert -b (base 13) to base 8.
-13
What is 31 (base 15) in base 5?
141
Convert f8 (base 16) to base 9.
305
What is 12 (base 10) in base 11?
11
What is -1 (base 14) in base 13?
-1
Convert 12 (base 15) to base 2.
10001
367 (base 9) to base 3
102021
Convert 1d (base 15) to base 7.
40
101011 (base 2) to base 14
31
What is -122 (base 3) in base 15?
-12
What is -2 (base 4) in base 10?
-2
Convert 0 (base 4) to base 8.
0
What is -14 (base 15) in base 2?
-10011
What is -3 (base 16) in base 10?
-3
What is -10000 (base 2) in base 6?
-24
Convert 1000001 (base 2) to base 16.
41
What is 3 (base 6) in base 14?
3
Convert -1100011 (base 2) to base 16.
-63
15 (base 6) to base 14
b
-1 (base 7) to base 3
-1
Convert 0 (base 12) to base 11.
0
Convert -2 (base 5) to base 7.
-2
What is -4 (base 11) in base 14?
-4
Convert -40 (base 15) to base 3.
-2020
What is -401 (base 6) in base 15?
-9a
1 (base 4) to base 9
1
What is 0 (base 13) in base 16?
0
Convert 2 (base 13) to base 15.
2
Convert 154 (base 10) to base 13.
bb
-60 (base 7) to base 6
-110
What is -2 (base 12) in base 8?
-2
Convert 11 (base 2) to base 3.
10
What is -2 (base 7) in base 4?
-2
47 (base 14) to base 8
77
Convert -40 (base 11) to base 15.
-2e
Convert 2 (base 3) to base 11.
2
What is -5 (base 10) in base 9?
-5
What is -16 (base 11) in base 5?
-32
What is 231 (base 7) in base 3?
11110
8 (base 15) to base 12
8
What is -103 (base 13) in base 2?
-10101100
What is 325 (base 6) in base 4?
1331
What is 156 (base 15) in base 14?
17c
-2 (base 4) to base 7
-2
5 (base 16) to base 8
5
Convert 11 (base 6) to base 7.
10
Convert -3 (base 6) to base 2.
-11
What is -201 (base 8) in base 5?
-1004
Convert -3 (base 4) to base 16.
-3
2 (base 7) to base 4
2
Convert -c (base 15) to base 11.
-11
What is 1 (base 7) in base 6?
1
Convert -3 (base 5) to base 9.
-3
211 (base 5) to base 6
132
8 (base 15) to base 9
8
What is 10 (base 3) in base 12?
3
Convert -b8 (base 12) to base 10.
-140
Convert 10222 (base 3) to base 5.
412
What is -f (base 16) in base 9?
-16
-3 (base 15) to base 14
-3
-2 (base 9) to base 7
-2
-f (base 16) to base 8
-17
Convert -1123 (base 4) to base 14.
-67
Convert -2 (base 5) to base 14.
-2
-4 (base 13) to base 10
-4
Convert 133 (base 5) to base 8.
53
What is -9 (base 12) in base 13?
-9
1c (base 14) to base 10
26
What is 20b (base 12) in base 13?
1a0
Convert 2 (base 5) to base 4.
2
Convert 13 (base 12) to base 10.
15
What is -21 (base 3) in base 12?
-7
15 (base 10) to base 6
23
What is 105 (base 6) in base 15?
2b
Convert -2 (base 5) to base 14.
-2
Convert 131 (base 10) to base 2.
10000011
5b (base 15) to base 11
79
-3 (base 4) to base 2
-11
Convert -13a (base 13) to base 12.
-162
What is -e (base 15) in base 4?
-32
Convert 2 (base 13) to base 3.
2
Convert 2 (base 15) to base 14.
2
What is -14 (base 16) in base 6?
-32
Convert 15 (base 12) to base 13.
14
Convert 2 (base 9) to base 14.
2
Convert -1010 (base 3) to base 9.
-33
What is -25 (base 6) in base 14?
-13
What is 22 (base 12) in base 8?
32
-23 (base 9) to base 12
-19
What is -5 (base 9) in base 3?
-12
Convert -5 (base 16) to base 11.
-5
Convert -22220 (base 3) to base 16.
-f0
28 (base 11) to base 6
50
Convert -77 (base 15) to base 2.
-1110000
Convert 2 (base 3) to base 5.
2
Convert -4 (base 9) to base 13.
-4
81 (base 15) to base 11
100
Convert -115 (base 6) to base 8.
-57
54 (base 13) to base 6
153
Convert 48 (base 12) to base 4.
320
Convert 4 (base 16) to base 10.
4
10 (base 4) to base 11
4
Convert -112 (base 3) to base 13.
-11
-57 (base 12) to base 2
-1000011
What is -14 (base 6) in base 7?
-13
What is 2 (base 9) in base 4?
2
Convert -1cc (base 14) to base 2.
-101111000
Convert -41 (base 5) to base 7.
-30
3 (base 15) to base 3
10
-1 (base 6) to base 5
-1
What is -20 (base 8) in base 3?
-121
Convert 47 (base 10) to base 14.
35
-213 (base 4) to base 5
-124
Convert -204 (base 5) to base 4.
-312
-111101 (base 2) to base 3
-2021
1 (base 14) to base 3
1
Convert 61 (base 11) to base 14.
4b
5 (base 12) to base 11
5
What is 0 (base 16) in base 2?
0
60 (base 8) to base 11
44
What is 1 (base 10) in base 4?
1
Convert -3 (base 6) to base 16.
-3
Convert -3 (base 16) to base 12.
-3
Convert 2 (base 3) to base 4.
2
Convert 117 (base 8) to base 12.
67
Convert 19 (base 10) to base 4.
103
40 (base 12) to base 10
48
Convert 5 (base 13) to base 15.
5
Convert -4a (base 12) to base 13.
-46
Convert -1 (base 9) to base 6.
-1
What is 72 (base 8) in base 16?
3a
Convert 21 (base 3) to base 16.
7
What is 3 (base 13) in base 10?
3
-40 (base 8) to base 7
-44
26 (base 16) to base 13
2c
48 (base 15) to base 7
125
What is 0 (base 7) in base 5?
0
101111 (base 3) to base 13
18a
-2 (base 4) to base 16
-2
Convert 1 (base 8) to base 10.
1
What is 1 (base 9) in base 3?
1
79 (base 11) to base 4
1112
What is -19 (base 10) in base 12?
-17
Convert 10222 (base 4) to base 8.
452
-101001 (base 2) to base 12
-35
-3 (base 15) to base 9
-3
Convert 4a (base 16) to base 11.
68
Convert -3 (base 16) to base 8.
-3
2424 (base 5) to base 13
220
-3312 (base 4) to base 7
-501
What is 0 (base 10) in base 2?
0
31 (base 7) to base 8
26
-212 (base 5) to base 7
-111
What is -76 (base 13) in base 3?
-10121
What is -11 (base 2) in base 15?
-3
What is 0 (base 4) in base 3?
0
Convert -1 (base 8) to base 16.
-1
0 (base 4) to base 10
0
Convert 1 (base 10) to base 4.
1
Convert 1 (base 14) to base 16.
1
-121 (base 3) to base 2
-10000
Convert 2 (base 7) to base 8.
2
Convert 1 (base 13) to base 16.
1
Convert 1100 (base 2) to base 11.
11
Convert 10 (base 2) to base 5.
2
Convert -44 (base 12) to base 16.
-34
-30 (base 7) to base 3
-210
What is 0 (base 10) in base 6?
0
Convert 23 (base 12) to base 14.
1d
Convert 24 (base 5) to base 8.
16
-20 (base 10) to base 7
-26
-101111001 (base 2) to base 14
-1cd
Convert -33 (base 5) to base 13.
-15
Convert -2 (base 10) to base 12.
-2
-2 (base 13) to base 14
-2
Convert -27 (base 11) to base 6.
-45
-3 (base 10) to base 2
-11
What is 4 (base 15) in base 8?
4
Convert -10 (base 4) to base 6.
-4
What is -62 (base 13) in base 3?
-2222
What is 4 (base 13) in base 9?
4
What is 1 (base 12) in base 14?
1
Convert 10 (base 9) to base 6.
13
-32 (base 4) to base 2
-1110
15 (base 15) to base 6
32
Convert -10 (base 16) to base 10.
-16
0 (base 15) to base 2
0
Convert -220 (base 10) to base 14.
-11a
1000010 (base 2) to base 15
46
Convert -5 (base 9) to base 7.
-5
23 (base 8) to base 3
201
Convert 101 (base 13) to base 4.
2222
Convert 10 (base 5) to base 11.
5
Convert 4c (base 13) to base 2.
1000000
What is 7 (base 16) in base 4?
13
What is 0 (base 2) in base 15?
0
-2 (base 6) to base 14
-2
6 (base 8) to base 4
12
What is ad (base